 3*m - 36 = -0*m. Let y be -4*(-5)/(5/m). Suppose -3*f - f + y = 0. List the prime factors of f.
2, 3
What are the prime factors of 2 - (255/(-10) + (-1)/(-2))?
3
Let r(z) = -5*z + 0*z**2 + 4*z**2 - 4*z**2 + z**2 + 3. Let w = 17 - 10. List the prime factors of r(w).
17
Suppose 4*z - 10 - 14 = 0. Suppose -z = -3*g - 0*g. List the prime factors of g.
2
Let q be -3 + (-3)/(-3) + 7. Suppose -85 = 5*z - q*m, -3*z + 7*z + 68 = -4*m. Let l = z - -25. List the prime factors of l.
2
Let u(a) = 2*a**2 - 7*a - 5. Let z = 17 - 9. Let d be u(z). Suppose -5*v - 12 = -d. List the prime factors of v.
11
Let v(w) be the second derivative of w**5/20 + 5*w**4/6 - w**3/2 + 3*w**2/2 + 4*w. What are the prime factors of v(-10)?
3, 11
Let j(d) = 7*d - 30. List the prime factors of j(16).
2, 41
Let w = -6 - -9. Let g(c) = 3 - c**2 - c + 4*c - w*c**3 - 2*c + c. What are the prime factors of g(-2)?
19
Suppose -z = 2*d - 0*d - 466, -2*z = -5*d + 1183. List the prime factors of d.
5, 47
Suppose -3*a - 2*a = 0. Let l be a/(-1) - (-639)/9. Suppose -3*x - 17 = -l. What are the prime factors of x?
2, 3
Let z(o) = -o + 26. Let r be z(0). Suppose 2*f + r = 4*f. What are the prime factors of f?
13
Let z = -125 + 131. List the prime factors of z.
2, 3
Let j(q) = -3*q + 3. Let z(t) = -5*t + 4. Let h(b) = 7*j(b) - 5*z(b). Let k be (5 - 2)*(-2)/(-3). List the prime factors of h(k).
3
Let j(u) = -u**2 - 3*u + 7. Let s be j(-5). Let l(z) = -2*z + 1. What are the prime factors of l(s)?
7
Let l(w) = -75*w - 3. Let z be l(-2). Suppose -m + 0*m - 3 = 0, -5*m = -4*k + z. List the prime factors of k.
3, 11
Suppose -4*k = -20, -2*k + 152 = 3*h - k. Let f = -27 + h. What are the prime factors of f?
2, 11
Let c = -604 + 1023. List the prime factors of c.
419
Let m = 13 - 8. Suppose 0*x + m*x = 30. List the prime factors of x.
2, 3
Suppose 5*u = 179 + 101. What are the prime factors of u?
2, 7
List the prime factors of (-2050)/(-20)*(-24)/(-10).
2, 3, 41
Let g = 2 - -1. Let f = g + 2. Suppose 2*q - f = 3. List the prime factors of q.
2
Let s = -21 - -45. What are the prime factors of s?
2, 3
What are the prime factors of (-56)/(-21) - 2/(-6)?
3
Let l(g) = -2*g - 11. Let m be l(-7). Suppose -2*p + m*r + 48 = 0, -p + 6 = 3*r - 27. List the prime factors of p.
3
Let w be -1*2*(-3)/(-2). Suppose -5*u + 12 = -u, 4*r = -5*u - 13. What are the prime factors of (w - (1 - 3))*r?
7
What are the prime factors of 2*12/(-16)*-10?
3, 5
Let o = -4 - -11. What are the prime factors of (-8 + o)/((-2)/52)?
2, 13
Suppose 5*j = 2*w + 14, 3*j + j + w - 6 = 0. Suppose j*o - 65 = 3*f - 10, -122 = -4*o + 2*f. What are the prime factors of o?
2
Let i(h) = -4*h + 21. List the prime factors of i(0).
3, 7
Let y(o) = -o**2 - 6*o. Let d be y(-7). Let i be (d - -5)*(3 - 1). Let s = i - -8. List the prime factors of s.
2
Suppose -4*h = -0*h + 60. Let w = 5 + h. Let l = -7 - w. List the prime factors of l.
3
Suppose -6*u - 134 - 34 = 0. Suppose -g + 5*g - 164 = 0. Let d = u + g. What are the prime factors of d?
13
Suppose g + 9 - 39 = 0. Suppose 4*n - 86 = -g. What are the prime factors of n?
2, 7
Let t = 23 + 15. List the prime factors of t.
2, 19
Let p = 6 - -2. Suppose -13*t = -p*t - 210. List the prime factors of t.
2, 3, 7
Suppose 3*o + 2*o = -65. Let n be o/(-6) - 2/12. Suppose -9 = -3*d - 3*l, n*l - 6*l = d - 6. List the prime factors of d.
2
Suppose 4*h = 122 - 2. What are the prime factors of (-6)/(-4)*100/h?
5
Suppose -3*a - 4*v = 0, 3*v - 2*v = 4*a. Suppose -1 = -y + i - a*i, y - 1 = 5*i. List the prime factors of (1/y)/((-5)/(-10)).
2
Suppose -5*z + 815 = -5*r, -4*r - 8 = 12. What are the prime factors of z?
2, 79
Suppose 2*y + 50 = 2*t, 3*y + y + 97 = 5*t. Let i = -22 - y. What are the prime factors of i?
2, 3
Suppose -5*z - 55 = -3*o, 5*z + 5*o + 15 = -0*z. List the prime factors of (52/z)/(3/(-6)).
13
Suppose 3*s - 147 = -4*k, -5*k - 3*s + 78 = -108. List the prime factors of k.
3, 13
Let j(u) = u**3 - 10*u**2 + 2. Let v be j(10). What are the prime factors of (3/v)/((-1)/(-2))?
3
Suppose 5*i = -t + 14, 4*t = -0*t - 5*i + 26. Suppose -v - 6 = -t*v. Suppose v*c + g + 11 = 3*c, 3 = c + 3*g. List the prime factors of c.
3
Suppose -5*n - 445 = 5*h, 0 = 2*n + 2*n - 2*h + 326. What are the prime factors of n/(-7) + -3*1?
3
Let v(o) = o**3 - 21*o**2 - 56*o - 26. What are the prime factors of v(24)?
2, 179
Let y(z) = 4*z**2 + 2*z - 2. Let t = -4 + 2. Let b be y(t). Let h = b - -6. List the prime factors of h.
2
Suppose 3*p - 96 = -0*p. List the prime factors of p.
2
List the prime factors of 54 - -6*3/(-9).
2, 13
List the prime factors of 327/(2 + 1) + 4/2.
3, 37
Let g = 20 - 12. Let r(k) = k**3 - 7*k**2 - 6*k + 4. List the prime factors of r(g).
2, 5
Let g(c) = c**2 + 6*c + 3. Let m be g(-6). Let l(n) = -n**3 + 3*n**2. Let x be l(m). Suppose -2*i - 5 + 17 = x. List the prime factors of i.
2, 3
Let s(u) = 11*u + 7. What are the prime factors of s(3)?
2, 5
Let h(j) = j**3 - 9*j**2 + 12*j. Let z be h(8). Suppose 0 = -l - 3*l + 3*o - 37, -5*l - z = o. Let c = 15 + l. What are the prime factors of c?
2
Let y = 65 + -51. What are the prime factors of y?
2, 7
Let m(s) = s**2 - 3*s. Let j be m(5). Let n be (j - (2 - 3)) + -2. What are the prime factors of 9 + (-3)/(n/6)?
7
Suppose -t + 4*z - 164 = 3*t, -t - 37 = -2*z. Let g = t + 75. What are the prime factors of g?
2, 3, 5
Suppose 50 = -4*n + 158. What are the prime factors of n?
3
Suppose 3*h - 89 = -14. List the prime factors of h.
5
Suppose -5*t - 4*h + 29 = 0, 0 = -t + 5*h - 0*h. List the prime factors of t.
5
Suppose -3*p = -w - 8, -2*p - 4*w = 2 + 2. Let n be (-1*p + 0)/(-1). Suppose -4 = -n*i - 0. What are the prime factors of i?
2
Let c(v) be the first derivative of -3 - 4*v**3 - 1/4*v**4 - 13/2*v**2 - 2*v. List the prime factors of c(-11).
2, 5
Let y = -22 + 290. List the prime factors of y.
2, 67
Let x = 2 + -6. Let w be 2/(-3) + (-12)/9. List the prime factors of (w - 10/x)*20.
2, 5
Suppose 18 = 4*y - 2*x, 2*y - 2*x - 13 = 1. Suppose y*o - 36 = -4*g - 2*o, 0 = -3*g - 4*o + 28. List the prime factors of g.
2
Suppose -3*v = z - 2*z + 15, z + 5*v + 25 = 0. Suppose 16 = 2*o - 2*b, -2*b + 24 = -z*o + 2*o. What are the prime factors of (-1 - o/(-6))*12?
2
Let q be (-2)/(-5) + 39/15. Let b(x) = -4 - 7*x - x**2 - q - x. List the prime factors of b(-6).
5
Let d be 52/6 + 6/(-9). Let z be (1 + -33)/((-4)/(-4)). What are the prime factors of (-24)/z + 106/d?
2, 7
Suppose 116 = 5*c - 4*c. Suppose -c = -5*b - m, -b + 3*m = -6*b + 108. What are the prime factors of b?
2, 3
Let s = 61 - 31. List the prime factors of s.
2, 3, 5
Let r = 46 + -4. Suppose 0 = 3*d - 6*d + r. Suppose 0 = x + 4*s - d, 4*x + 0*s + 4*s = 44. List the prime factors of x.
2, 5
Let j = -21 + 24. What are the prime factors of j?
3
Suppose 0 = 2*v + 2*v - 8. Let a be (-2)/(-4) - (-51)/v. Let h = a - 18. What are the prime factors of h?
2
Suppose -3*b + 3*r + 288 = 0, 0 = 3*b + r - 6*r - 280. List the prime factors of b.
2, 5
Let t(r) = -r - 1. Let q be t(-2). Let h(w) = 0 + 0*w - 2*w + q. What are the prime factors of h(-3)?
7
Let o(p) = -4*p + 3. Let u(g) = g. Let c(b) = -o(b) - 2*u(b). Let d be c(2). Let n = 10 + d. List the prime factors of n.
11
Let t = 67 - -283. Suppose -8*r = -r - t. What are the prime factors of r?
2, 5
Let z(x) = 3*x**2 + 19*x + 15. List the prime factors of z(-7).
29
Let c(a) = a**2 - a - 7. What are the prime factors of c(-6)?
5, 7
What are the prime factors of 214/9 + 4/18?
2, 3
Let p(h) = -3*h**3 - h**2 - h - 1. Let f be p(-1). Let m be (f/(-4))/((-2)/12). Suppose -5*s + 5 = 0, -m*s - 56 = -5*b - 14. List the prime factors of b.
3
Let y = -5 - -7. Suppose -y*o = -4*o - 28. What are the prime factors of (-1)/(-2*(-1)/o)?
7
What are the prime factors of (-6 + 4)/(4/(-58) + 0)?
29
Suppose 5*s = -0*s, 3*u - 30 = -2*s. Suppose -4*z - 7 = -2*n - 7*z, -2*n = -5*z + 33. What are the prime factors of n/u + (-171)/(-15)?
11
Let c be 6/(-4) + (-62)/(-4). What are the prime factors of c/49 - 110/(-7)?
2
Let i = 32 - 22. What are the prime factors of i?
2, 5
Let b = 6 + -4. Let h = b - 6. What are the prime factors of (h/5)/((-4)/30)?
2, 3
Let u(m) be the third derivative of -m**4/24 + 7*m**3/6 + 4*m**2. List the prime factors of u(-7).
2, 7
Let q(k) = 35*k**3 - k**2. Let p(u) = -u**3. L